osite?
False
Is 645877 a prime number?
True
Is 2027359 a composite number?
False
Is 23746033 a prime number?
True
Is 159941339 a composite number?
True
Is 73737319 composite?
True
Is 756457 prime?
False
Is 37217347 composite?
False
Is 758445379 prime?
True
Is 199114343 composite?
True
Is 38768131 composite?
True
Is 180611 prime?
False
Is 33959743 a composite number?
False
Is 31289081 prime?
False
Is 47714891 a prime number?
False
Is 2424809 composite?
False
Is 19859243 prime?
False
Is 627239 prime?
False
Is 33060543 a composite number?
True
Is 837488147 prime?
True
Is 408943 prime?
True
Is 137387801 composite?
True
Is 402100843 prime?
False
Is 43684397 a prime number?
False
Is 11558039 prime?
True
Is 8739257 a prime number?
False
Is 12039107 composite?
False
Is 19685695 a prime number?
False
Is 107015081 prime?
True
Is 3935067 prime?
False
Is 2223911 prime?
True
Is 12414629 a prime number?
True
Is 481025561 prime?
True
Is 18832799 a prime number?
True
Is 1247689 prime?
False
Is 116429057 a prime number?
True
Is 186486893 composite?
False
Is 220271603 prime?
False
Is 2650003 a prime number?
False
Is 212263907 a composite number?
True
Is 156177717 composite?
True
Is 44604641 a composite number?
True
Is 1908943 a prime number?
True
Is 6862319 a composite number?
False
Is 5216489 composite?
True
Is 4124747 a prime number?
False
Is 3099673 prime?
False
Is 2123867 prime?
True
Is 108611497 composite?
True
Is 1490653 a composite number?
True
Is 4748563 composite?
False
Is 66029 prime?
True
Is 12847433 a composite number?
False
Is 21710111 a composite number?
False
Is 9112043 a prime number?
True
Is 296426593 prime?
False
Is 8828731 prime?
False
Is 371259755 a composite number?
True
Is 7953319 composite?
True
Is 10257437 a prime number?
True
Is 230994611 composite?
True
Is 876477743 a prime number?
False
Is 999527 composite?
True
Is 333377227 a composite number?
True
Is 58825993 prime?
False
Is 14715667 prime?
False
Is 1393619 composite?
False
Is 1526183 a prime number?
False
Is 29175529 prime?
True
Is 424127 a prime number?
False
Is 10825013 composite?
False
Is 302321 a prime number?
False
Is 70758749 composite?
False
Is 543967 a prime number?
True
Is 480084643 a prime number?
True
Is 73158601 a prime number?
False
Is 44605667 a prime number?
True
Is 90719539 a composite number?
True
Is 10970567 a composite number?
True
Is 91342099 a composite number?
False
Is 22244731 composite?
True
Is 27636751 prime?
False
Is 1716149 a prime number?
True
Is 936487 a composite number?
False
Is 3996277 a prime number?
True
Is 16156487 prime?
False
Is 13108273 prime?
False
Is 99798473 a prime number?
True
Is 232583 composite?
True
Is 170758045 a prime number?
False
Is 2856349 a composite number?
False
Is 8230379 a composite number?
False
Is 2459627 a composite number?
True
Is 25347409 prime?
False
Is 843626759 a prime number?
True
Is 3737921 prime?
False
Is 14419193 a prime number?
True
Is 6145891 composite?
True
Is 23573861 composite?
True
Is 2034407 a composite number?
True
Is 11907211 prime?
True
Is 6509563 prime?
True
Is 10904023 a composite number?
True
Is 3985 composite?
True
Is 593779 prime?
False
Is 1810199 composite?
False
Is 843527 a composite number?
False
Is 6700621 a composite number?
False
Is 13337441 a prime number?
False
Is 41078923 a composite number?
False
Is 12225799 a prime number?
False
Is 2593813 composite?
True
Is 2638631 composite?
False
Is 11343949 composite?
False
Is 789067 a composite number?
False
Is 200147287 a composite number?
False
Is 3247927 a prime number?
False
Is 3297163 prime?
True
Is 5953247 a prime number?
False
Is 108096518 a prime number?
False
Is 1101071 prime?
True
Is 9523229 prime?
True
Is 3580241 a composite number?
True
Is 3262159 a composite number?
True
Is 7835953 a composite number?
True
Is 17348333 a composite number?
False
Is 30906811 composite?
True
Is 4290661 a composite number?
False
Is 11129377 a composite number?
True
Is 175261841 prime?
True
Is 18701083 a composite number?
False
Is 635192261 a prime number?
False
Is 3226931 a prime number?
False
Is 19035577 a prime number?
False
Is 8230583 composite?
False
Is 3882643 a composite number?
False
Is 6121907 prime?
False
Is 17792603 composite?
False
Is 1063869839 composite?
False
Is 85256311 a prime number?
False
Is 4893367 a composite number?
False
Is 31448301 a prime number?
False
Is 50940599 prime?
True
Is 17760683 a composite number?
False
Is 164797931 a composite number?
False
Is 423779177 a prime number?
False
Is 1396207 composite?
False
Is 3080347 composite?
False
Is 661567 prime?
False
Is 448213 composite?
True
Is 77860907 a prime number?
True
Is 55255891 prime?
True
Is 666403 a prime number?
True
Is 140378491 a prime number?
False
Is 1133287 a composite number?
False
Is 34545257 composite?
True
Is 10743643 a prime number?
False
Is 133661461 a composite number?
False
Is 22769 a composite number?
False
Is 353265785 a composite number?
True
Is 974903 prime?
False
Is 5456317 a composite number?
False
Is 538907 composite?
True
Is 6831389 composite?
True
Is 2166181 a prime number?
False
Is 10837479 a prime number?
False
Is 4435993 a composite number?
False
Is 40207613 a prime number?
True
Is 8214241 prime?
False
Is 1012841 composite?
True
Is 4103059 a prime number?
False
Is 19246729 a prime number?
True
Is 5607101 composite?
True
Is 77567333 prime?
True
Is 1290694 prime?
False
Is 490619 a prime number?
True
Is 51469603 a prime number?
True
Is 5609329 composite?
True
Is 8465567 prime?
False
Is 3525281 a composite number?
True
Is 375997007 prime?
False
Is 156863419 composite?
False
Is 7907309 composite?
False
Is 198004433 a composite number?
True
Is 10371365 composite?
True
Is 17815591 a composite number?
False
Is 7085873 composite?
False
Is 74568667 a prime number?
True
Is 7773677 a prime number?
False
Is 28378967 composite?
True
Is 982453 composite?
False
Is 2182931 prime?
True
Is 47173267 a prime number?
True
Is 29941697 prime?
False
Is 1674159 a prime number?
False
Is 104272753 a prime number?
False
Is 5988443 a composite number?
False
Is 101818329 a composite number?
True
Is 41863 a composite number?
False
Is 28789 a prime number?
True
Is 4442987 a composite number?
False
Is 263654533 a composite number?
True
Is 88169759 a prime number?
True
Is 21045001 a composite number?
True
Is 1104241 a prime number?
True
Is 942251 a prime number?
False
Is 23539895 a composite number?
True
Is 9692161 a composite number?
False
Is 3829003 prime?
False
Is 22652083 a prime number?
True
Is 1403623 composite?
True
Is 1938301 composite?
False
Is 305663 a composite number?
False
Is 144975913 prime?
False
Is 565621 a composite number?
True
Is 106045837 prime?
False
Is 31246999 a prime number?
False
Is 254592313 a composite number?
True
Is 3795619 a composite number?
False
Is 31025411 composite?
False
Is 162767 composite?
True
Is 360303799 a prime number?
True
Is 10687249 prime?
False
Is 52418239 a prime number?
True
Is 22577383 composite?
False
Is 3710461 a composite number?
False
Is 29627921 a composite number?
True
Is 624322427 a prime number?
True
Is 3219653 a prime number?
False
Is 569659 prime?
True
Is 850162123 a prime number?
True
Is 42688561 a composite number?
False
Is 70663811 a prime number?
True
Is 1398107 prime?
True
Is 64413113 a composite number?
False
Is 3481759 a prime number?
True
Is 4439242 composite?
True
Is 138506237 a prime number?
False
Is 244917059 prime?
True
Is 169545171 composite?
True
Is 13647373 prime?
True
Is 6461867 a prime number?
False
Is 28784143 prime?
True
Is 9218929 a prime number?
False
Is 41058365 prime?
False
Is 1548389 a composite number?
False
Is 181081 a composite number?
False
Is 60703 composite?
False
Is 176050879 prime?
True
Is 66469111 a composite number?
False
Is 10196569 a composite number?
False
Is 2381807 a prime number?
True
Is 38432111 a prime number?
True
Is 8520829 a prime number?
True
Is 56957203 composite?
False
Is 33293111 a prime number?
False
Is 43842993 composite?
True
Is 111249409 a composite number?
False
Is 97049333 composite?
False
Is 5096519 composite?
False
Is 184442303 a composite number?
True
Is 192955747 a prime number?
True
Is 3277691 prime?
True
Is 23107999 prime?
False
Is 5728174 a prime number?
False
Is 4